-6). Suppose 0 = -h + 5*z - l, 2*h - 5*z - 1 - 1 = 0. What is the units digit of h?
6
What is the tens digit of (-10)/(-6)*3108/70?
7
Suppose -3*c + 59 + 19 = 0. What is the tens digit of c?
2
Let h = 11 - 10. What is the units digit of h?
1
Suppose 0 = x - 76 - 42. What is the hundreds digit of x?
1
Let o be 20/(-6) + (-6)/9. Let v(l) = -l. Let p be v(o). Suppose -2*h = -p*h + 2. What is the units digit of h?
1
What is the units digit of 4/(-10) + (-119)/(-35) + 160?
3
Let t be (5/(-20))/((-3)/996). Suppose 0 = 5*q - t - 52. What is the tens digit of q?
2
Let b(g) = g**2 - 2*g + 1. Let h be b(3). Suppose 5*i + 4*z - 3*z = 34, h*i - 5*z = 33. What is the units digit of i?
7
Let j(b) = -b**3 + 5*b**2 + 6*b + 8. Let q be j(6). Suppose 0 = -k + q - 3. What is the units digit of k?
5
Let l = 1 + 1. Let b(z) = z. What is the units digit of b(l)?
2
Let c(v) = 54*v**2 + 2*v - 3. What is the tens digit of c(1)?
5
Suppose 5*p = -2*m + 49, -7*m + 2*m = -3*p - 45. Suppose -4*v + m = 2*z - 20, -24 = -2*z - 2*v. What is the units digit of z?
8
Let i(m) = -2*m - 9. What is the units digit of i(-14)?
9
Let b be (-6)/4 + (-3)/(-2). Suppose 3*w + b - 21 = 0. What is the units digit of w?
7
Let g(i) = i**2 - 3*i + 2. Let v be g(6). Suppose -5*c + 1 = -4*k + 7, 5*k + 5*c + 15 = 0. What is the tens digit of (v/(-6))/(k/3)?
1
Let l(h) = -2*h - 3. Suppose 0 = 3*i - 2*i - 4. Let m = i - 14. What is the tens digit of l(m)?
1
What is the units digit of 37 - (-17 - -14)*(-1 - -2)?
0
Suppose 5*w + 6 = 2*u - 3, -2*w = 2*u - 44. What is the units digit of u?
7
What is the units digit of 1*-105*(48/18 + -6)?
0
Let i(q) = -q**3 - 4*q**2 - q - 2. Let k be i(-4). Suppose -3*c + k*c + 5 = -m, -5*c - 3*m = -57. What is the units digit of c?
9
Suppose -4*t - 2*a + 84 = -6*a, 2*t - 56 = -5*a. Suppose -j - 8 = -t. What is the tens digit of j?
1
Let i(a) = -a**2 + 13*a - 19. What is the units digit of i(11)?
3
Suppose 17 = a + 3*s, -2*a + s = 6*s - 30. Let y = a + 2. What is the units digit of y?
7
Suppose -i + c = -17, 2*i - 4*c - 34 = -0*i. What is the units digit of i?
7
Let d = -1 + 1. Let j(l) = -l + 5. Let y(v) = 3*v - 16. Let h(r) = 7*j(r) + 2*y(r). What is the units digit of h(d)?
3
Suppose -5*w + 1537 = v, w = -4*v + 3*v + 309. What is the tens digit of w?
0
Let o = -81 + 118. Suppose -4*a - 102 = -k, a + a = 3*k - 46. Let b = a + o. What is the units digit of b?
1
Suppose 4*q + 2*g - 28 = 0, 3*q + 1 = 5*g + 9. Suppose 12 = -4*j, t + 2*t + 5*j + q = 0. What is the units digit of t?
3
Let o(g) = -2*g + 14. Let n be o(6). What is the units digit of n/(-9) + (-2043)/(-81)?
5
Suppose 420 = 4*x + 2*x. What is the tens digit of x?
7
Let v(d) = d**3 - 7*d**2 - d + 9. Let c be v(7). Let q = -1 + c. Let b = 3 + q. What is the units digit of b?
4
Let c = -22 + 7. Suppose -j = -3*v - 7, -2*j + 2 = -2*v - 0. What is the units digit of 10/c + (-5)/v?
1
Suppose 0*v = 4*v + 12. Let k = v + 31. Suppose 0 = -4*q + 3*j + k, 2*j - 3*j = -4*q + 28. What is the units digit of q?
7
Suppose 0 = 7*j - 3*j - 84. What is the tens digit of j?
2
Suppose -2*i = b - 6, -2*i + 16 = -0*b - 4*b. What is the units digit of 2/1 + (-4)/i?
1
Let n(t) be the second derivative of -t**5/20 + 5*t**4/6 + 2*t**3 + 3*t**2/2 - 6*t. What is the tens digit of n(11)?
1
Let b(d) = d**2 - 9*d + 12. Suppose -4*u + 2*o + 36 = 0, o + 14 = 4*u - 20. What is the units digit of b(u)?
4
Let g = -6 - -10. Suppose r - 7*r = -0*r. Suppose 4*d - 2*t + 2 = r, -9 = -3*d - g*t + 6. What is the units digit of d?
1
Let n(m) be the first derivative of -4*m**2 - m + 3. What is the units digit of n(-1)?
7
Let m(l) = l**2 - 8*l + 9. Let d be m(7). Let v be (-1 - 0)*(1 - 5). What is the units digit of 15/d + 2/v?
8
Let z = -17 - -26. What is the units digit of z?
9
What is the tens digit of -1 + (1 - -38) + -1?
3
What is the units digit of 3950/45 - 10/(-45)?
8
Suppose 2*p = -0*p + 4. Suppose p*n - 12 = -2. Suppose -b = -n*b + 60. What is the tens digit of b?
1
Suppose 6*h = 5*z + h - 25, 3*z + 4*h = 36. Suppose 0*d - z = -2*d. Suppose d*a - 12 = -0. What is the units digit of a?
3
Suppose 2*a = -q + 5, -3*a + 7 = q + 2. Suppose -q*l + l + 12 = 0. Suppose v = -l*z + 9, -3*v + 2*v + 13 = 5*z. What is the units digit of z?
2
Suppose 23 + 67 = 3*c. What is the tens digit of c?
3
Let l be 39 - -4 - (0 - -1). Let k be -1 + (-2)/(-2) + 1. What is the units digit of l/8 + k/(-4)?
5
Let t(s) = s**2 - s - 5. Let y(r) = -3*r**2 + 3*r + 10. Let j(u) = -5*t(u) - 2*y(u). What is the units digit of j(5)?
5
Suppose -5*a + 15 = d - 2, -2*a + 5*d = -23. Let x = 2 + a. What is the units digit of x?
6
Let o(a) = -a**3 + 7*a**2 + 5. Suppose -4 - 24 = -4*p. What is the units digit of o(p)?
5
Let c(k) = k**3 + 12*k**2 + 11*k + 26. What is the units digit of c(-11)?
6
Let t(r) = -r**3 - 2*r**2 + 2*r + 4. Let n be t(-3). Let y(z) = -z + 8. What is the units digit of y(n)?
1
Suppose 7*b + 3 = 3*s + 4*b, 0 = 3*s + b + 9. Let j be s/(-4) + (-3)/6. Suppose 4 = 4*l, -5*l = -4*y - j*y - 1. What is the units digit of y?
1
Suppose o - 4 = -o. Suppose 0 = -c - o*c. Suppose 0 = f - c*f - 1. What is the units digit of f?
1
Let b(r) = -2 + r**3 - 2*r**2 - 2*r**3 - 4*r**2 + 6 - 6*r. Suppose -6*k - 20 = -2*k. What is the units digit of b(k)?
9
Suppose 0 = -2*k + 3*m + 20, 2*k + 4*m - 4 = -3*k. Suppose -r - k*r + 285 = 0. Suppose 1 = -4*j + r. What is the units digit of j?
4
Let c be 6*2/(-15)*5. Let a = -1 + 1. Let g = a - c. What is the units digit of g?
4
Let w = -3 + 3. Let t(u) = -u + 2*u + w*u + 8. What is the units digit of t(0)?
8
Let f(y) = -4*y + 6. Let s be 1*-2*1 - -6. Let r be f(s). Let x = r - -16. What is the units digit of x?
6
What is the units digit of 1/4 + (-141)/(-12)?
2
Suppose -340 = z - 628. What is the tens digit of z?
8
Let g be (-2)/13 + (-595)/(-65). Let a(o) = 2*o - 5. What is the tens digit of a(g)?
1
Suppose -5*o + 4*x = -11, 3*x = 2*o + 5*x - 8. Let a(l) = 13*l - 6. What is the units digit of a(o)?
3
Let t = 4 + 3. Suppose -s + t = 3*u + 3, 6 = 2*u. What is the units digit of (-6)/15 + (-47)/s?
9
Let h = 65 - 44. Let g = h - 45. What is the tens digit of 42/(-8)*g/9?
1
Let s = 9 - 5. Let g(j) = 3*j**3 + 12*j**2 + j - 2. Let n(k) = -k**3. Let z(d) = s*n(d) + g(d). What is the units digit of z(12)?
0
Let i(x) = x**3 - 2*x**2 + x - 1. Suppose 13 = 5*y - 2. Let p be i(y). Let r = 18 - p. What is the units digit of r?
7
Suppose c - 2*v - 8 = 0, v - 5*v = c + 22. What is the tens digit of -3*(-2)/c + 35?
3
Let j(t) = 2*t**2 + 5*t + 5. Let l be j(-2). Suppose 3*o + 3*x = 18, -3*o + x = -5 + l. What is the units digit of o?
2
Suppose 4*d - 630 = -5*r, r - 3*d - 8 - 99 = 0. What is the tens digit of r?
2
Suppose 8*x - 234 = 7*x. What is the units digit of x?
4
Suppose 3*s = -2*s + 80. What is the tens digit of s?
1
Let z(n) = -n**3 + 16*n**2 - 27*n - 5. Let i be z(14). Let w = 2 - -2. Let l = i - w. What is the units digit of l?
5
Suppose -4*p = -2*p - 24. Let d be (-124)/(-3) - 4/p. Suppose -5*t = -5*z + 5, -t - 5*z = 3*t - d. What is the units digit of t?
4
Let c = -12 - -128. What is the hundreds digit of c?
1
Let b(o) = o**3 - 4*o**2 + o - 2. Let t be b(4). Suppose -t*w + 1 = 3*k - 27, 8 = 2*k + 4*w. Let s = k + 0. What is the units digit of s?
2
Let z = 4 - -1. Let p = -4 + z. What is the units digit of p?
1
Suppose -5*y = -298 - 1047. What is the hundreds digit of y?
2
Let l be 0*2/(-4)*-2. Let c = 7 + l. What is the units digit of c?
7
Let w = 261 - 148. What is the units digit of w?
3
Suppose -2*p + 2*q + 12 = 0, -3*p + 9 = -2*q - 6. What is the tens digit of -1 + (1 - (p - 24))?
2
Let f(u) = -2*u. Suppose -2*w + 4 = a - 0*w, -a + 14 = 4*w. What is the tens digit of f(a)?
1
What is the units digit of 1*(-1 - -47) + 0?
6
Let l(h) = 2 - 7*h + 3*h + 3*h - 4. Suppose 7*t + 20 = 2*t. What is the units digit of l(t)?
2
Let q be (-4)/2 - (-11)/1. Suppose -d - q = -4*d. Suppose d*n = 5*n + s - 15, 3*s = -5*n + 39. What is the units digit of n?
6
Let b be 0*((-2)/(-4) + 0). Suppose b*u + 8 = 2*u. What is the units digit of u?
4
Suppose 4*r - y = 16, 0*r + 2*y - 20 = -5*r. Let s = 4 - r. Suppose 0*j - j + 5 = s. What is the units digit of j?
5
Let t(n) = n**2 - 4*n + 9. Let z be t(6). Suppose -z = -4*c - 9. What is the units digit of c?
3
Let b = -12 + 9.